77873?
5
What is the remainder when 2141 is divided by 395?
166
Calculate the remainder when 1660 is divided by 1528.
132
Calculate the remainder when 86124 is divided by 2778.
6
What is the remainder when 17011 is divided by 11?
5
Calculate the remainder when 10476 is divided by 40.
36
What is the remainder when 35728 is divided by 1681?
427
Calculate the remainder when 508224 is divided by 118.
116
What is the remainder when 15454 is divided by 1403?
21
Calculate the remainder when 6853 is divided by 997.
871
What is the remainder when 1197 is divided by 28?
21
What is the remainder when 111924 is divided by 182?
176
What is the remainder when 6774 is divided by 3352?
70
What is the remainder when 5384113 is divided by 11?
9
What is the remainder when 4122 is divided by 1345?
87
What is the remainder when 2834 is divided by 352?
18
What is the remainder when 86027 is divided by 566?
561
Calculate the remainder when 994018 is divided by 60.
58
What is the remainder when 120933 is divided by 506?
505
What is the remainder when 15733 is divided by 665?
438
Calculate the remainder when 182074 is divided by 44.
2
Calculate the remainder when 43973 is divided by 1099.
13
What is the remainder when 4382 is divided by 39?
14
What is the remainder when 2475 is divided by 2428?
47
Calculate the remainder when 74684 is divided by 19.
14
Calculate the remainder when 154308 is divided by 185.
18
Calculate the remainder when 107424 is divided by 1513.
1
Calculate the remainder when 11805 is divided by 3931.
12
What is the remainder when 32650 is divided by 317?
316
Calculate the remainder when 1024563 is divided by 1586.
7
What is the remainder when 12452 is divided by 58?
40
What is the remainder when 443242 is divided by 49?
37
What is the remainder when 32557 is divided by 4649?
14
Calculate the remainder when 426402 is divided by 121.
119
What is the remainder when 35202 is divided by 925?
52
Calculate the remainder when 3706 is divided by 207.
187
What is the remainder when 1709 is divided by 581?
547
Calculate the remainder when 2387 is divided by 1177.
33
Calculate the remainder when 512447 is divided by 565.
557
Calculate the remainder when 109774 is divided by 21953.
9
What is the remainder when 9361 is divided by 246?
13
What is the remainder when 57495 is divided by 29?
17
Calculate the remainder when 144 is divided by 28.
4
What is the remainder when 578590 is divided by 784?
782
Calculate the remainder when 473677 is divided by 155.
152
Calculate the remainder when 1102194 is divided by 300.
294
What is the remainder when 1244 is divided by 770?
474
Calculate the remainder when 62979 is divided by 268.
267
Calculate the remainder when 162487 is divided by 11605.
17
Calculate the remainder when 72220 is divided by 1679.
23
What is the remainder when 311 is divided by 5?
1
Calculate the remainder when 16444 is divided by 514.
510
Calculate the remainder when 26755 is divided by 993.
937
Calculate the remainder when 235047 is divided by 89.
87
What is the remainder when 51386 is divided by 443?
441
Calculate the remainder when 100577 is divided by 20.
17
What is the remainder when 4966 is divided by 339?
220
Calculate the remainder when 6753 is divided by 42.
33
What is the remainder when 9802 is divided by 40?
2
What is the remainder when 2970 is divided by 185?
10
Calculate the remainder when 6331 is divided by 1254.
61
What is the remainder when 7325 is divided by 36?
17
Calculate the remainder when 365237 is divided by 10.
7
What is the remainder when 4382 is divided by 129?
125
Calculate the remainder when 52851 is divided by 302.
1
What is the remainder when 408523 is divided by 6589?
5
What is the remainder when 300323 is divided by 47?
40
What is the remainder when 5080 is divided by 221?
218
Calculate the remainder when 45324 is divided by 15026.
246
Calculate the remainder when 39054 is divided by 365.
364
Calculate the remainder when 16161 is divided by 305.
301
What is the remainder when 54324 is divided by 2263?
12
Calculate the remainder when 21434 is divided by 233.
231
Calculate the remainder when 8587 is divided by 4273.
41
What is the remainder when 37879 is divided by 82?
77
What is the remainder when 2889 is divided by 50?
39
What is the remainder when 10705349 is divided by 1450?
1449
What is the remainder when 2407 is divided by 1943?
464
What is the remainder when 9880 is divided by 9127?
753
Calculate the remainder when 88113 is divided by 14676.
57
Calculate the remainder when 9119 is divided by 114.
113
Calculate the remainder when 16291 is divided by 392.
219
Calculate the remainder when 1308 is divided by 264.
252
Calculate the remainder when 23623 is divided by 1309.
61
Calculate the remainder when 1120 is divided by 694.
426
What is the remainder when 4184596 is divided by 20?
16
Calculate the remainder when 1766818 is divided by 60.
58
What is the remainder when 3625 is divided by 785?
485
Calculate the remainder when 1824 is divided by 59.
54
Calculate the remainder when 56842 is divided by 14206.
18
Calculate the remainder when 50798 is divided by 36.
2
Calculate the remainder when 1655 is divided by 422.
389
What is the remainder when 481722 is divided by 156?
150
Calculate the remainder when 71757 is divided by 44.
37
Calculate the remainder when 88405 is divided by 11.
9
Calculate the remainder when 33279 is divided by 130.
129
Calculate the remainder when 123387 is divided by 1928.
1923
Calculate the remainder when 42709 is divided by 76.
73
Calculate the remainder when 10984 is divided by 3654.
22
What is the remainder when 671354 is divided by 167824?
58
What is the remainder when 9198 is divided by 184?
182
Calculate the remainder when 104559 is divided by 539.
532
What is the remainder when 176218 is divided by 55?
53
What is the remainder when 33874 is divided by 114?
16
Calculate the remainder when 14281 is divided by 7140.
1
Calculate the remainder when 1403 is divided by 248.
163
What is the remainder when 108961 is divided by 6407?
42
What is the remainder when 19883 is divided by 189?
38
Calculate the remainder when 331918 is divided by 203.
13
What is the remainder when 172581 is divided by 9?
6
What is the remainder when 901 is divided by 546?
355
What is the remainder when 32117 is divided by 3210?
17
Calculate the remainder when 24468 is divided by 192.
84
What is the remainder when 2471 is divided by 30?
11
Calculate the remainder when 192773 is divided by 357.
350
Calculate the remainder when 14217 is divided by 480.
297
Calculate the remainder when 285 is divided by 14.
5
What is the remainder when 23994 is divided by 1146?
1074
Calculate the remainder when 2566 is divided by 3.
1
What is the remainder when 2722 is divided by 425?
172
What is the remainder when 139418 is divided by 60?
38
Calculate the remainder when 14378 is divided by 1019.
112
Calculate the remainder when 19420 is divided by 234.
232
What is the remainder when 44658 is divided by 46?
38
Calculate the remainder when 168614 is divided by 1249.
1248
Calculate the remainder when 46146 is divided by 127.
45
Calculate the remainder when 126642 is divided by 9.
3
Calculate the remainder when 23509 is divided by 43.
31
What is the remainder when 42899 is divided by 227?
223
Calculate the remainder when 223881 is divided by 127.
107
What is the remainder when 80455 is divided by 146?
9
What is the remainder when 6957 is divided by 1972?
1041
What is the remainder when 40365 is divided by 13454?
3
Calculate the remainder when 1653929 is divided by 2070.
2069
Calculate the remainder when 7454 is divided by 2420.
194
What is the remainder when 98153 is divided by 53?
50
What is the remainder when 14462 is divided by 1460?
1322
Calculate the remainder when 16008 is divided by 535.
493
What is the remainder when 10094 is divided by 112?
14
Calculate the remainder when 85837 is divided by 37.
34
Calculate the remainder when 49392 is divided by 17.
7
What is the remainder when 1523 is divided by 84?
11
What is the remainder when 9050 is divided by 9?
5
What is the remainder when 1799 is divided by 552?
143
What is the remainder when 36460 is divided by 7163?
645
Calculate the remainder when 101208 is divided by 9198.
30
What is the r